{"id":232,"date":"2025-02-14T09:26:49","date_gmt":"2025-02-14T06:26:49","guid":{"rendered":"http:\/\/localhost\/bloway\/?page_id=232"},"modified":"2025-06-04T17:07:26","modified_gmt":"2025-06-04T14:07:26","slug":"5-10lt-sisirme-makinasi","status":"publish","type":"page","link":"https:\/\/bloway.com.tr\/?page_id=232","title":{"rendered":"5-10Lt. \u015ei\u015firme Makinas\u0131"},"content":{"rendered":"\n<figure class=\"wp-block-gallery has-nested-images columns-default is-cropped wp-block-gallery-1 is-layout-flex wp-block-gallery-is-layout-flex\">\n<figure class=\"wp-block-image size-full\"><img loading=\"lazy\" decoding=\"async\" width=\"1243\" height=\"684\" data-id=\"301\" src=\"https:\/\/bloway.com.tr\/wp-content\/uploads\/2025\/02\/Basliksiz-444-1.gif\" alt=\"\" class=\"wp-image-301\"\/><\/figure>\n<\/figure>\n\n\n\n<hr class=\"wp-block-separator has-alpha-channel-opacity\"\/>\n\n\n\n<figure class=\"wp-block-table\"><table class=\"has-fixed-layout\"><tbody><tr><td><strong>Tip<\/strong><br><em>Type<\/em><\/td><td>BWAY-2 5-10<\/td><\/tr><tr><td><strong>Kal\u0131p Say\u0131s\u0131<\/strong><br><em>Number of Cavities<\/em><\/td><td>2<\/td><\/tr><tr><td><strong>\u015ei\u015fe Kapasitesi<\/strong><br><em>Bottle Capacity<\/em><\/td><td>5Lt.-10Lt.<\/td><\/tr><tr><td><strong>Maks. \u015ei\u015fe \u00c7ap\u0131<\/strong><br><em>Max. Body Diameter<\/em><\/td><td>280mm<\/td><\/tr><tr><td><strong>Maks. \u015ei\u015fe<\/strong> <strong>Y\u00fcksekli\u011fi<\/strong><br><em>Max. Body Height<\/em><\/td><td>340<\/td><\/tr><tr><td><strong>Maks. Bo\u011faz \u00c7ap\u0131<\/strong><br><em>Max. Neck Diameter<\/em><\/td><td>38mm &#8211; 48mm<\/td><\/tr><tr><td><strong>Maks. \u00dcretim Kapasitesi<\/strong><br><em>Max. Nominal Output<\/em><\/td><td>2500 Adet \/ Saat<br><em>2500 bph<\/em><\/td><\/tr><\/tbody><\/table><\/figure>\n\n\n\n<hr class=\"wp-block-separator has-alpha-channel-opacity\"\/>\n\n\n\n<ul class=\"wp-block-list\">\n<li><strong>Preform \u00c7akma \u00dcnitesi<\/strong> \/ <em>Preform Gripping System <\/em><\/li>\n\n\n\n<li><strong>Preform Y\u00fckleme Tank\u0131<\/strong> \/ <em>Preform Feeding Tank<\/em><\/li>\n\n\n\n<li><strong>Preform Transfer Sistemi <\/strong>\/ <em>Preform Transfer System<\/em><\/li>\n\n\n\n<li><strong>Manip\u00fclat\u00f6r<\/strong> \/ <em>Manipulator<\/em><\/li>\n\n\n\n<li><strong>\u00c7\u0131k\u0131\u015f konvey\u00f6r<\/strong> \/<em> Exit Tranfer System<\/em><\/li>\n<\/ul>\n\n\n\n<hr class=\"wp-block-separator has-alpha-channel-opacity\"\/>\n\n\n\n<div class=\"wp-block-group is-layout-grid wp-container-core-group-is-layout-9649a0d9 wp-block-group-is-layout-grid\">\n<figure class=\"wp-block-gallery has-nested-images columns-default is-cropped wp-block-gallery-2 is-layout-flex wp-block-gallery-is-layout-flex\">\n<figure class=\"wp-block-image size-full\"><img loading=\"lazy\" decoding=\"async\" width=\"619\" height=\"766\" data-id=\"236\" src=\"https:\/\/bloway.com.tr\/wp-content\/uploads\/2025\/02\/Basliksiz-5555.gif\" alt=\"\" class=\"wp-image-236\"\/><\/figure>\n<\/figure>\n\n\n\n<figure class=\"wp-block-gallery has-nested-images columns-default is-cropped wp-block-gallery-3 is-layout-flex wp-block-gallery-is-layout-flex\">\n<figure class=\"wp-block-image size-full\"><img loading=\"lazy\" decoding=\"async\" width=\"619\" height=\"766\" data-id=\"235\" src=\"https:\/\/bloway.com.tr\/wp-content\/uploads\/2025\/02\/Basliksiz-555.gif\" alt=\"\" class=\"wp-image-235\"\/><\/figure>\n<\/figure>\n\n\n\n<figure class=\"wp-block-gallery has-nested-images columns-default is-cropped wp-block-gallery-4 is-layout-flex wp-block-gallery-is-layout-flex\">\n<figure class=\"wp-block-image size-full\"><img loading=\"lazy\" decoding=\"async\" width=\"619\" height=\"766\" data-id=\"234\" src=\"https:\/\/bloway.com.tr\/wp-content\/uploads\/2025\/02\/Basliksiz-55.gif\" alt=\"\" class=\"wp-image-234\"\/><\/figure>\n<\/figure>\n\n\n\n<figure class=\"wp-block-gallery has-nested-images columns-default is-cropped wp-block-gallery-5 is-layout-flex wp-block-gallery-is-layout-flex\">\n<figure class=\"wp-block-image size-full\"><img loading=\"lazy\" decoding=\"async\" width=\"619\" height=\"766\" data-id=\"233\" src=\"https:\/\/bloway.com.tr\/wp-content\/uploads\/2025\/02\/Basliksiz-5-2.gif\" alt=\"\" class=\"wp-image-233\"\/><\/figure>\n<\/figure>\n<\/div>\n","protected":false},"excerpt":{"rendered":"<p>TipType BWAY-2 5-10 Kal\u0131p Say\u0131s\u0131Number of Cavities 2 \u015ei\u015fe KapasitesiBottle Capacity 5Lt.-10Lt. Maks. \u015ei\u015fe \u00c7ap\u0131Max. Body Diameter 280mm Maks. \u015ei\u015fe Y\u00fcksekli\u011fiMax. Body Height 340 Maks. Bo\u011faz \u00c7ap\u0131Max. Neck Diameter 38mm &#8211; 48mm Maks. \u00dcretim KapasitesiMax. Nominal Output 2500 Adet \/ Saat2500 bph<\/p>\n","protected":false},"author":1,"featured_media":0,"parent":0,"menu_order":0,"comment_status":"closed","ping_status":"closed","template":"","meta":{"footnotes":""},"class_list":["post-232","page","type-page","status-publish","hentry"],"_links":{"self":[{"href":"https:\/\/bloway.com.tr\/index.php?rest_route=\/wp\/v2\/pages\/232","targetHints":{"allow":["GET"]}}],"collection":[{"href":"https:\/\/bloway.com.tr\/index.php?rest_route=\/wp\/v2\/pages"}],"about":[{"href":"https:\/\/bloway.com.tr\/index.php?rest_route=\/wp\/v2\/types\/page"}],"author":[{"embeddable":true,"href":"https:\/\/bloway.com.tr\/index.php?rest_route=\/wp\/v2\/users\/1"}],"replies":[{"embeddable":true,"href":"https:\/\/bloway.com.tr\/index.php?rest_route=%2Fwp%2Fv2%2Fcomments&post=232"}],"version-history":[{"count":4,"href":"https:\/\/bloway.com.tr\/index.php?rest_route=\/wp\/v2\/pages\/232\/revisions"}],"predecessor-version":[{"id":344,"href":"https:\/\/bloway.com.tr\/index.php?rest_route=\/wp\/v2\/pages\/232\/revisions\/344"}],"wp:attachment":[{"href":"https:\/\/bloway.com.tr\/index.php?rest_route=%2Fwp%2Fv2%2Fmedia&parent=232"}],"curies":[{"name":"wp","href":"https:\/\/api.w.org\/{rel}","templated":true}]}}